{"id":606,"date":"2025-07-29T19:02:23","date_gmt":"2025-07-29T17:02:23","guid":{"rendered":"https:\/\/confluence-immo.be\/index.php\/politique-de-confidentialite-2\/"},"modified":"2025-07-29T19:16:29","modified_gmt":"2025-07-29T17:16:29","slug":"politique-de-confidentialite-2","status":"publish","type":"page","link":"https:\/\/confluence-immo.be\/index.php\/politique-de-confidentialite-2\/","title":{"rendered":"Politique de confidentialit\u00e9"},"content":{"rendered":"<h3 data-section-id=\"n79ry6\" data-start=\"343\" data-end=\"393\">1. <strong data-start=\"350\" data-end=\"391\">Identit\u00e9 du responsable du traitement<\/strong><\/h3>\n<p data-start=\"394\" data-end=\"568\">Le site est \u00e9dit\u00e9 par l&rsquo;agence <strong data-start=\"416\" data-end=\"437\">Confluence-Immo<\/strong>, dont le si\u00e8ge est situ\u00e9 \u00e0 <b>Rue du Parc des Roches 1 &#8211; 5000 Namur<\/b>, repr\u00e9sent\u00e9e par <strong data-start=\"505\" data-end=\"529\">Justin et Alexis Deckmyn<\/strong>.<\/p>\n<p data-start=\"394\" data-end=\"568\">Contact :<\/p>\n<p data-start=\"394\" data-end=\"568\">justin@confluence-immo.be<br \/>\nalexis@confluence-immo.be<\/p>\n<h3 data-section-id=\"1h17f7r\" data-start=\"570\" data-end=\"612\">2. <strong data-start=\"577\" data-end=\"612\">Donn\u00e9es personnelles collect\u00e9es<\/strong><\/h3>\n<p data-start=\"614\" data-end=\"704\">Nous pouvons collecter et traiter les donn\u00e9es suivantes lorsque vous utilisez notre site :<\/p>\n<ul data-start=\"705\" data-end=\"901\">\n<li data-start=\"705\" data-end=\"720\">\n<p data-start=\"707\" data-end=\"720\">Nom, pr\u00e9nom<\/p>\n<\/li>\n<li data-start=\"721\" data-end=\"739\">\n<p data-start=\"723\" data-end=\"739\">Adresse e-mail<\/p>\n<\/li>\n<li data-start=\"740\" data-end=\"763\">\n<p data-start=\"742\" data-end=\"763\">Num\u00e9ro de t\u00e9l\u00e9phone<\/p>\n<\/li>\n<li data-start=\"764\" data-end=\"845\">\n<p data-start=\"766\" data-end=\"845\">Informations li\u00e9es \u00e0 votre bien immobilier (type, localisation, budget, etc.)<\/p>\n<\/li>\n<li data-start=\"846\" data-end=\"901\">\n<p data-start=\"848\" data-end=\"901\">Donn\u00e9es de navigation (cookies, pages visit\u00e9es, etc.)<\/p>\n<\/li>\n<\/ul>\n<h3 data-section-id=\"j70w18\" data-start=\"903\" data-end=\"937\">3. <strong data-start=\"910\" data-end=\"937\">Finalit\u00e9s du traitement<\/strong><\/h3>\n<p data-start=\"939\" data-end=\"983\">Vos donn\u00e9es sont utilis\u00e9es uniquement pour :<\/p>\n<ul data-start=\"984\" data-end=\"1226\">\n<li data-start=\"984\" data-end=\"1039\">\n<p data-start=\"986\" data-end=\"1039\">R\u00e9pondre \u00e0 vos demandes de contact ou d&rsquo;information<\/p>\n<\/li>\n<li data-start=\"1040\" data-end=\"1108\">\n<p data-start=\"1042\" data-end=\"1108\">Vous proposer des biens ou services correspondant \u00e0 vos crit\u00e8res<\/p>\n<\/li>\n<li data-start=\"1109\" data-end=\"1187\">\n<p data-start=\"1111\" data-end=\"1187\">G\u00e9rer vos demandes de visites, d\u2019estimation ou d\u2019inscription \u00e0 des alertes<\/p>\n<\/li>\n<li data-start=\"1188\" data-end=\"1226\">\n<p data-start=\"1190\" data-end=\"1226\">Am\u00e9liorer notre site et nos services<\/p>\n<\/li>\n<\/ul>\n<h3 data-section-id=\"30w9j3\" data-start=\"1228\" data-end=\"1264\">4. <strong data-start=\"1235\" data-end=\"1264\">Base l\u00e9gale du traitement<\/strong><\/h3>\n<p data-start=\"1266\" data-end=\"1309\">Le traitement de vos donn\u00e9es est bas\u00e9 sur :<\/p>\n<ul data-start=\"1310\" data-end=\"1486\">\n<li data-start=\"1310\" data-end=\"1387\">\n<p data-start=\"1312\" data-end=\"1387\">Votre <strong data-start=\"1318\" data-end=\"1334\">consentement<\/strong> (formulaire de contact, alerte e-mail, newsletter)<\/p>\n<\/li>\n<li data-start=\"1388\" data-end=\"1486\">\n<p data-start=\"1390\" data-end=\"1486\">L\u2019<strong data-start=\"1392\" data-end=\"1418\">ex\u00e9cution d\u2019un contrat<\/strong> ou de mesures pr\u00e9contractuelles (mandat de vente, estimation, etc.)<\/p>\n<\/li>\n<\/ul>\n<h3 data-section-id=\"t9axvn\" data-start=\"1488\" data-end=\"1524\">5. <strong data-start=\"1495\" data-end=\"1524\">Destinataires des donn\u00e9es<\/strong><\/h3>\n<p data-start=\"1526\" data-end=\"1603\">Vos donn\u00e9es sont strictement confidentielles. Elles peuvent \u00eatre transmises :<\/p>\n<ul data-start=\"1604\" data-end=\"1750\">\n<li data-start=\"1604\" data-end=\"1630\">\n<p data-start=\"1606\" data-end=\"1630\">\u00c0 notre \u00e9quipe interne<\/p>\n<\/li>\n<li data-start=\"1631\" data-end=\"1750\">\n<p data-start=\"1633\" data-end=\"1750\">\u00c0 nos partenaires immobiliers ou prestataires techniques (h\u00e9bergeur, CRM, etc.), dans le cadre strict de nos missions<\/p>\n<\/li>\n<\/ul>\n<h3 data-section-id=\"1pu6hrx\" data-start=\"1752\" data-end=\"1784\">6. <strong data-start=\"1759\" data-end=\"1784\">Dur\u00e9e de conservation<\/strong><\/h3>\n<ul data-start=\"1786\" data-end=\"2006\">\n<li data-start=\"1786\" data-end=\"1886\">\n<p data-start=\"1788\" data-end=\"1886\">Les donn\u00e9es de contact sont conserv\u00e9es pendant <strong data-start=\"1835\" data-end=\"1844\">3 ans<\/strong> \u00e0 compter du dernier contact avec vous.<\/p>\n<\/li>\n<li data-start=\"1887\" data-end=\"2006\">\n<p data-start=\"1889\" data-end=\"2006\">Les donn\u00e9es li\u00e9es \u00e0 un contrat ou un service sont conserv\u00e9es selon les obligations l\u00e9gales (g\u00e9n\u00e9ralement 5 \u00e0 10 ans).<\/p>\n<\/li>\n<\/ul>\n<h3 data-section-id=\"1d6eps7\" data-start=\"2562\" data-end=\"2580\">7. <strong data-start=\"2569\" data-end=\"2580\">Cookies<\/strong><\/h3>\n<p data-start=\"2582\" data-end=\"2756\">Le site utilise des cookies pour am\u00e9liorer la navigation et mesurer l\u2019audience.<\/p>\n<h3 data-section-id=\"1lesdfm\" data-start=\"2008\" data-end=\"2029\">8. <strong data-start=\"2015\" data-end=\"2029\">Vos droits<\/strong><\/h3>\n<p data-start=\"2031\" data-end=\"2108\">Conform\u00e9ment \u00e0 la l\u00e9gislation en vigueur, vous disposez des droits suivants :<\/p>\n<ul data-start=\"2109\" data-end=\"2325\">\n<li data-start=\"2109\" data-end=\"2140\">\n<p data-start=\"2111\" data-end=\"2140\">Droit d\u2019acc\u00e8s \u00e0 vos donn\u00e9es<\/p>\n<\/li>\n<li data-start=\"2141\" data-end=\"2167\">\n<p data-start=\"2143\" data-end=\"2167\">Droit de rectification<\/p>\n<\/li>\n<li data-start=\"2168\" data-end=\"2192\">\n<p data-start=\"2170\" data-end=\"2192\">Droit \u00e0 l\u2019effacement<\/p>\n<\/li>\n<li data-start=\"2193\" data-end=\"2246\">\n<p data-start=\"2195\" data-end=\"2246\">Droit \u00e0 la limitation ou opposition au traitement<\/p>\n<\/li>\n<li data-start=\"2247\" data-end=\"2273\">\n<p data-start=\"2249\" data-end=\"2273\">Droit \u00e0 la portabilit\u00e9<\/p>\n<\/li>\n<li data-start=\"2274\" data-end=\"2325\">\n<p data-start=\"2276\" data-end=\"2325\">Droit de retirer votre consentement \u00e0 tout moment<\/p>\n<\/li>\n<\/ul>\n<p data-start=\"2327\" data-end=\"2465\">Pour exercer vos droits, vous pouvez nous contacter :<\/p>\n<ul class=\"list-disc ms-6 *:ps-1\">\n<li>par e-mail \u00e0 : info@confluence-immo.be<\/li>\n<li>par courrier postal \u00e0 l\u2019adresse de notre si\u00e8ge<\/li>\n<\/ul>\n<p>Nous nous engageons \u00e0 traiter votre demande dans les plus brefs d\u00e9lais, et dans tous les cas dans les d\u00e9lais impartis par la r\u00e9glementation. Si vous estimez que vos droits ne sont pas respect\u00e9s, vous avez la possibilit\u00e9 de d\u00e9poser une plainte aupr\u00e8s de l\u2019autorit\u00e9 comp\u00e9tente :<\/p>\n<p><strong>Autorit\u00e9 de protection des donn\u00e9es<\/strong><br \/>\nRue de la Presse 35, 1000 Bruxelles<br \/>\nT\u00e9l : +32 (0)2 274 48 00<br \/>\nFax : +32 (0)2 274 48 35<br \/>\nSite :\u00a0<a class=\"underline hover:text-secondary\" href=\"https:\/\/www.autoriteprotectiondonnees.be\/\" target=\"_blank\" rel=\"noopener\">autoriteprotectiondonnees.be<\/a><\/p>\n<p data-start=\"2582\" data-end=\"2756\">\n","protected":false},"excerpt":{"rendered":"<p>1. Identit\u00e9 du responsable du traitement Le site est \u00e9dit\u00e9 par l&rsquo;agence Confluence-Immo, dont le si\u00e8ge est situ\u00e9 \u00e0 Rue du Parc des Roches 1 &#8211; 5000 Namur, repr\u00e9sent\u00e9e par Justin et Alexis Deckmyn. Contact : justin@confluence-immo.be alexis@confluence-immo.be 2. Donn\u00e9es personnelles collect\u00e9es Nous pouvons collecter et traiter les donn\u00e9es suivantes lorsque vous utilisez notre site [&hellip;]<\/p>\n","protected":false},"author":1,"featured_media":0,"parent":0,"menu_order":0,"comment_status":"closed","ping_status":"closed","template":"","meta":{"footnotes":""},"class_list":["post-606","page","type-page","status-publish","hentry"],"_links":{"self":[{"href":"https:\/\/confluence-immo.be\/index.php\/wp-json\/wp\/v2\/pages\/606","targetHints":{"allow":["GET"]}}],"collection":[{"href":"https:\/\/confluence-immo.be\/index.php\/wp-json\/wp\/v2\/pages"}],"about":[{"href":"https:\/\/confluence-immo.be\/index.php\/wp-json\/wp\/v2\/types\/page"}],"author":[{"embeddable":true,"href":"https:\/\/confluence-immo.be\/index.php\/wp-json\/wp\/v2\/users\/1"}],"replies":[{"embeddable":true,"href":"https:\/\/confluence-immo.be\/index.php\/wp-json\/wp\/v2\/comments?post=606"}],"version-history":[{"count":2,"href":"https:\/\/confluence-immo.be\/index.php\/wp-json\/wp\/v2\/pages\/606\/revisions"}],"predecessor-version":[{"id":610,"href":"https:\/\/confluence-immo.be\/index.php\/wp-json\/wp\/v2\/pages\/606\/revisions\/610"}],"wp:attachment":[{"href":"https:\/\/confluence-immo.be\/index.php\/wp-json\/wp\/v2\/media?parent=606"}],"curies":[{"name":"wp","href":"https:\/\/api.w.org\/{rel}","templated":true}]}}